erivative of 0 - 1/2*m**2 + 0*m**3 + 3*m - 1/12*m**4. Determine k(-1).
-2
Let m(q) = q**2 + 2*q - 1. Suppose 3*z - 11 = -56. Let g be (12/5)/(z/50). Let o = -11 - g. Calculate m(o).
2
Let f(a) = 3*a**2 - a + 1. Suppose -2*v + 7 = -3*d, v - 10 = d - 6*d. Determine f(d).
3
Let m(f) be the first derivative of -f**3/3 - f**2 + 3*f + 8. Let u = 7 + -11. Give m(u).
-5
Let m be 0*(-1)/(0 - -2). Let p(n) be the second derivative of n**2 - 1/6*n**3 + 0 - 1/12*n**4 - 8*n. What is p(m)?
2
Let f(y) = y**2 + y + 1. Let r(g) = -5*g**2 - 5*g - 3. Let v(b) = -9*f(b) - 2*r(b). Suppose -13*n + 5 = 44. Calculate v(n).
3
Let q(z) = 11*z**2 - 17*z. Let r(y) = -5*y**2 + 11*y. Let g(c) = -9*c**2 + 22*c. Let j(k) = -2*g(k) + 5*r(k). Let l(v) = -8*j(v) - 5*q(v). Calculate l(3).
0
Let s(q) = -q**2 + 6*q + 5. Let v be s(6). Let l(p) = -9*p - 1. Let t be l(-1). Let o = v - t. Let m(i) = 3*i + 2. Give m(o).
-7
Let q(l) = 3*l**2 - 9*l + 7. Let a(k) = -2*k**2 + 5*k - 4. Let b(z) = -7*a(z) - 4*q(z). Calculate b(-2).
6
Let x(z) = 3 - 3 + 10*z + 1 - 2. Determine x(1).
9
Let a(q) be the third derivative of q**7/2520 + q**6/120 - q**5/30 - q**4/4 - 4*q**2. Let y(o) be the second derivative of a(o). Calculate y(-5).
-9
Let w(q) = 0 + 4*q**3 - 5*q**3 + q**2 + 7. Let b(g) = 2*g - 14. Let c be b(7). What is w(c)?
7
Let k be ((-1)/(-2)*2)/(-1). Let q(z) be the third derivative of -z**4/12 - 26*z**2. Calculate q(k).
2
Let l(g) = g**2 + g + 2. Suppose 0 = 2*t + 3 + 1. Give l(t).
4
Let o(f) = -f**3 + 4*f**2 + 6*f. Let h(y) = -8*y**2 - y. Let k be h(-1). Let a = -2 - k. Determine o(a).
5
Let k(q) be the second derivative of -q**4/12 - q. Let d = 12 - 10. Suppose -6 = -2*x + 3*p, -4*p = d*x - 0*p - 6. Determine k(x).
-9
Let p = 164 - 165. Let c(y) = -4*y - 2. Calculate c(p).
2
Let d(c) = c**2 + 6*c + 2. Let h = -25 - -18. Let u be 30/h + (-2)/(-7). What is d(u)?
-6
Let h(r) be the third derivative of -r**4/6 - r**2. Let u be -3 - (-1 + 1 - 12). Suppose -5*z - u + 4 = 0. What is h(z)?
4
Let l(y) be the second derivative of -y**6/360 + y**5/60 - y**4/24 + 5*y**3/6 + 6*y. Let u(t) be the second derivative of l(t). Calculate u(1).
0
Let l = 2 + -4. Let d be 3 + 0/(3 + l). Let n(x) = 1 - x**3 - 6*x**2 - 10*x + d*x - 5. What is n(-5)?
6
Let x(t) = 14*t + 4 - 11*t + t. Let w be 5*1*2/(-2). Determine x(w).
-16
Let i(x) = 0*x + 0 + 4*x - 1 + 2*x**2. Let z(b) = b**3 - b + 3. Let f(d) = -d**3 + d**2 - 3. Let j(l) = -2*f(l) - 3*z(l). Let c be j(-3). Give i(c).
5
Let v(w) = w**3 + 7*w**2 + 4*w - 7. Let i = 18 + -24. Determine v(i).
5
Let a(k) = -k**3 - 3*k**2 + 3*k + 4. Let j be 0 - (-5)/(5/18). Suppose -2*b = -5*u - 16, 6*u + b + j = 2*u. Determine a(u).
8
Let d be (-1)/3 - 4/(-3). Let i = -1 - d. Let u(y) be the first derivative of -y**4/4 - 2*y**3/3 + y**2 - 21. Calculate u(i).
-4
Let o be (-2)/6 + 136/(-24). Let b(h) = -h**3 - 4*h**2 + 6*h. Let f be b(-5). Let d(p) = p + 5. Let x(l) = -l - 4. Let m(a) = f*d(a) + o*x(a). What is m(-4)?
-5
Suppose 2*t + 0*p + 3 = 3*p, 5*p - 3 = 4*t. Let r(n) = n - 3*n + n - t. Let m be (20/8)/(2/(-4)). What is r(m)?
2
Let v(s) = -s**2 + 5*s + 5. Let n be v(6). Let z(t) = -6*t - 40 + 24 + 15. Give z(n).
5
Let c(r) = 9*r - 1. Let a(b) = 10*b - 2. Let k(h) = -4*a(h) + 5*c(h). Give k(-2).
-7
Let a(f) be the first derivative of f**3 - 2*f**2 + 2*f + 4. What is a(2)?
6
Let w(u) = -5*u**3 - 2*u**2 + 1. Let s be (20/(-35))/(2/(-7)). Let i be (s/1)/(-2 + 4). Calculate w(i).
-6
Let w(h) = -h + 7. Let j be 1/4 + 62/8. What is w(j)?
-1
Let s(t) = t**3 + 0*t**3 - 5*t - 2*t**2 - 2 + 9*t. What is s(2)?
6
Let j(w) = w**3 - 3*w**2 + w - 1. Let i be j(2). Let l(b) = -4*b + 2. Calculate l(i).
14
Let i(t) = -t**3 - 3*t**2 + 5*t + 2. Let k = -39 - -35. Determine i(k).
-2
Suppose b - 2*x = -x + 10, 2*x = b - 13. Let h(s) = s - 14. Give h(b).
-7
Let x be (-2)/5 + 44/110. Suppose -2*g + 21 = g. Let h(y) = g + 0*y - y**2 + 0*y. Calculate h(x).
7
Let m be 10/3*(-27)/(-18). Let z = m + -3. Let x(a) = -2*a**3 + 2*a**2 - a + 2. Calculate x(z).
-8
Let i(j) = 3*j**2 - 2*j + 4. Let h(q) = q**2 - q + 2. Let c = -14 + 9. Let l(s) = c*h(s) + 2*i(s). Suppose 5*o + 30 = 10. What is l(o)?
10
Suppose 2*f - 12 = -2*f. Let i be (-3)/((-1)/((-4)/(-6))). Let j(c) = 2*c**2 - 3*c**2 + 0*c + 3*c - i. Give j(f).
-2
Let c(v) = -v**3 + 6*v**2 - 4*v - 3. Let t(p) = 2*p**2 + 2*p + 1. Let i be t(-2). Let s be c(i). Let o(a) = -6 + a**2 - 2*a**s + 0*a - 5*a. Calculate o(-4).
-2
Let f(y) be the third derivative of -y**6/120 + y**5/30 - y**4/24 + y**3/3 - 2*y**2. Give f(3).
-10
Let p(w) be the third derivative of -1/24*w**4 + 0*w**3 + 4*w**2 + 0*w + 0. Determine p(-2).
2
Suppose 5*y + 5 = -0*y. Let v(f) = -3*f + 3. Let z(p) = -p - 1. Let h(b) = -v(b) - 4*z(b). Calculate h(y).
-6
Let o(v) = -v**3 + 4*v**2 + 4*v - 1. Let i(b) be the first derivative of b**4/4 + b**3/3 - b**2 - 1. Let f be i(2). Suppose 0 = 2*n - 2 - f. What is o(n)?
-6
Let t(x) = -x**3 + x. Let i(n) = 4*n**3 + 6*n**2 - 13*n + 5. Let l(a) = i(a) + 5*t(a). Let s be 1/(-1)*(-3 - 2). What is l(s)?
-10
Let w(s) = -2*s**2 + 3*s + 1. Suppose 6*z - 5 = 13. Give w(z).
-8
Let j(t) = -t**2 - 1 - 2 + 3*t + 4. Suppose -3*k + 5*k = 20. Suppose -4*p + k = -2. Determine j(p).
1
Let s(y) be the third derivative of y**4/8 + y**3/6 - 13*y**2. Let f be -2 + 2 + -1 + 0. What is s(f)?
-2
Let p(z) = z**3 + z**2 - 2. Let m(t) = -6*t**3 - t**2 - 2*t - 1. Let u be m(-1). Suppose 8*d = 5*d - u. Let w(v) = v**2 + 2*v + 2. Let j be w(d). What is p(j)?
10
Let u(m) = 3*m - 9. Let w(q) = 1. Let t(l) = 2. Let z(k) = -t(k) + 3*w(k). Let r(j) = u(j) + 5*z(j). Calculate r(3).
5
Let n(l) = -10*l**2 - 9*l - 2. Suppose 3*s = s - 4. Let q = 0 + s. Let c(i) = -3*i**2 - 3*i - 1. Let b(o) = q*n(o) + 7*c(o). What is b(-3)?
-3
Let d be -1*4/8*12. Let g(t) be the first derivative of 2*t**2 + 5*t + 2. Let w(j) = 7*j + 10. Let s(y) = -5*g(y) + 3*w(y). Give s(d).
-1
Let c(w) = 3*w**2 - 3*w**2 + 8 - w**2 + 5*w. What is c(6)?
2
Let q(a) = a**3 - 4*a**2 - 12*a - 4. Let d be q(6). Let r(l) = 2*l + 2. Calculate r(d).
-6
Let i(v) = 2*v - 2. Let z be (14/21)/(2/15). Suppose -3*g + 10 = -z. What is i(g)?
8
Let r(n) = -4*n**3 - 4*n**2 - 3*n + 1. Let v(a) = 4*a - a**3 - 5*a - 4*a**2 + 4*a**2. Let c(b) = r(b) - 5*v(b). Calculate c(4).
9
Let z(w) = -w - 5*w**2 - w**2 + 3*w**3 + 5*w**2 + 0*w**3. Determine z(-1).
-3
Let h = -4 - -4. Let s(v) = 4 + 0*v + h - v - 16. Determine s(-5).
-7
Suppose -6 = -x + 5*g + 13, g + 23 = 5*x. Let y(f) = f**2 - 4*f + 6. Give y(x).
6
Let y = -5 - 1. Let n be (-3)/y*(1 - -11). Let l(p) be the second derivative of p**3/3 - 3*p**2 + 3*p. What is l(n)?
6
Let b(k) = k**2 - 7*k + 8. Let d be b(6). Let s be ((-4)/1)/(0 - d). Let i(u) = -2*u + 4*u**s - 2 - u**3 + 1 - 2. Give i(3).
0
Let n(c) = 3*c**2 + c. Let o be n(1). Let h(r) = -2*r**2 - 1 - 4*r + 4*r - o*r + 2. Calculate h(-3).
-5
Suppose -4*l - 42 = 3*i - 0*l, 0 = -2*l - 6. Let n(h) = h**2 + 10*h + 5. Calculate n(i).
5
Let v(l) = 17*l + 15*l - 1 - 27*l. What is v(-2)?
-11
Let p(j) = 4*j**2 + 2*j + 2. Let b(q) = 13*q**2 + 7*q + 7. Let y(r) = -6*b(r) + 21*p(r). Determine y(-1).
6
Suppose 0*q + 35 = q. Suppose 4*x - q = -7*t + 2*t, -t = 3*x - 18. Let u(m) = m**2 - 3*m + 3. Determine u(t).
3
Let s(n) = -3*n**2 + 2*n - 1. Suppose -2*q - 6 = -5*q. Give s(q).
-9
Let y = 11 + -6. Let x = -1 + y. Let n(v) = v**3 + v**2 + x*v**3 + 0*v**3 + v - 2*v. Calculate n(1).
5
Let g(n) = 5 + 0 + 489*n**2 - 7*n - 490*n**2. Give g(-8).
-3
Let c be (3 - (-4)/2) + 0. Let h(w) = -w**2 - 8*w**2 + 5*w - c + 8*w**2. Give h(5).
-5
Let s(z) = -2*z + 3. Let n be (3 - 3/1) + 0. Let a be s(n). Let p(d) be the third derivative of d**4/24 - 2*d**3/3 + d**2. What is p(a)?
-1
Let r(u) = u + 13. Let c(a) = -7. Let f(i) = -11*c(i) - 6*r(i). Suppose -3*g = -2*s - 7, -g + 3 = 4*s + 24. Give f(g).
5
Let i(a) = -6 + 2*a - a - a - a. Let w(j) = -j**2 - 2*j - 2. Let u be w(-2). Let g(v) = v + 2. Let o be g(u). Calculate i(o).
-6
Let m(h) = -h**3 - h**2 + h - 2. Suppose 2*w - 13*w + 7*w = 0. What is m(w)?
-2
Let h(p) be the first derivative of -p**2/2 - 2*p + 1. Suppose 5*v + 22 = 3*n, 0*v + 2*v + 2*n = 4. Let z be 2 + v*(-1)/(-1). Determine h(z).
-2
Let v(s) be the third derivative of s**6/120 - s**5/10 + s**4/6 - s**3/6 + 10*s**2. What is v(5)?
-6
Suppose 5*o + 25 = 5*w, -4*w =